9 - -11)?
-4
5 - ((6 - 12) + 11)
0
Evaluate 1 - (0 + (-1 - 0)).
2
Evaluate -4 + 1 + 8 + -2 + -2.
1
What is the value of 0 + -8 - (-5 + 0)?
-3
What is the value of -1 + -1 + 5 + (-2 - -5)?
6
What is (19 - 19) + (3 - -1)?
4
What is the value of 0 - (-9 - -2 - (-8 - -5))?
4
What is 0 - 6 - (1 - 5)?
-2
What is -1 + (-3 + 1 - (5 - 7))?
-1
Evaluate -44 + 56 + (-16 - 3).
-7
What is the value of -6 + (-6 - (-6 + -2) - 0)?
-4
Calculate -2 - -7 - 8 - -6.
3
1 - 14 - (5 - 10)
-8
Calculate 6 - (2 + 3 + -2).
3
What is the value of 6 + (-11 - -14 - (5 + 2))?
2
Evaluate -6 - (3 + -5) - (-2 - 3).
1
-3 + 6 + (-11 - -7)
-1
Calculate -9 - (-7 - (3 - 8)).
-7
(1 - -4) + -4 + 1 + 2
4
What is the value of (-4 - -3) + -3 + 2 - 0?
-2
What is the value of 8 + -7 + -9 - (-3 - 1)?
-4
Calculate (-1 - -4 - 4) + -3.
-4
(5 - ((3 - 6) + 5)) + -5
-2
Evaluate -2 + 5 - -1 - (30 + -18).
-8
Evaluate -2 - (4 - 2) - -3.
-1
What is the value of 10 + -12 - ((-1 - 0) + 3)?
-4
Calculate -9 - -15 - (5 - 9 - 0).
10
7 + -17 - -14 - -4
8
Evaluate 5 - (6 + 12 - (1 - -5)).
-7
Calculate 3 - (4 - (5 - 5)).
-1
Evaluate 1 - 2 - (0 + -3).
2
What is the value of 6 + 0 + -27 + 19?
-2
(3 - 5 - -1) + -7 + 4
-4
Calculate 2 + 1 + (-2 - 1 - 1).
-1
Calculate 2 + -2 + 4 + -5 + -3.
-4
What is 3 - (5 + -7) - (-2 - 0)?
7
What is 6 + -1 - (0 + -1) - 4?
2
Evaluate 0 + (-13 - -6) + 12.
5
(-4 + 7 - 0 - 5) + 8
6
Evaluate (18 + -19 - -5) + (-5 - -1).
0
What is -5 - (-6 - -4) - (0 + -6)?
3
-4 + -4 + 1 + (7 - 2)
-2
What is the value of -1 - -3 - -2 - 2?
2
What is (3 - 11) + -1 + 11?
2
What is -3 + (2 - -1) - (-3 - -1)?
2
Calculate 6 + 0 + (-2 - 9).
-5
1 - ((8 - 12) + (12 - 0))
-7
What is (-3 + 0 - 2) + 14 - 5?
4
What is the value of -2 - (1 - 7 - (-4 + 3))?
3
What is the value of (0 - (3 - -1)) + (78 - 76)?
-2
What is the value of (-13 - -15) + (2 - (2 - 1))?
3
Calculate -7 + 0 + -7 + 8.
-6
What is the value of -8 - (8 - 9 - 4)?
-3
What is the value of (-10 - (0 - 4)) + -2?
-8
15 + (2 - 12 - 4)
1
-2 + (-1 - -3) - (-6 + 4)
2
What is the value of 0 - 5 - -6 - (-5 - -12)?
-6
What is the value of 5 + -5 + (3 + -3 - -5)?
5
Evaluate -9 + (-5 - 2) - -10.
-6
Calculate 0 - (2 + (7 - 2 - 4)).
-3
Calculate 1 + -3 - -14 - 5.
7
-8 + 3 + 3 - -3
1
What is -9 + -5 + 7 + 4?
-3
What is -51 + 45 + (-2 - -17)?
9
Calculate (9 - 3) + -4 + (-7 - -6).
1
Evaluate -1 - (-9 + 1 + 2).
5
Calculate 11 - 5 - (-1 + 1).
6
What is the value of 1 + 0 + -1 - 0 - 2?
-2
What is the value of 2 - (5 + -3 + -2 - -3)?
-1
Calculate -3 + 8 - (18 + -17).
4
What is the value of -2 + (3 - (12 - 3) - -3)?
-5
What is 10 - (-2 - -2) - 15?
-5
Calculate 13 - (-6 - -7) - 13.
-1
(1 - 3) + 4 + 1 - 3
0
What is 4 - -2 - (-14 + 11)?
9
Calculate (0 - (7 + 3 + -4)) + 7.
1
What is -11 - -5 - (-4 + 8 + -5)?
-5
Calculate 1 - (0 + 4 - (13 - 7)).
3
Evaluate -1 + -5 + 1 + 4.
-1
What is 0 + (7 - (5 + -2))?
4
-5 + (-2 - (-3 - 3))
-1
What is the value of (-27 - -31) + (-6 - 0)?
-2
Evaluate (-9 - 0 - -12) + -11.
-8
Calculate -39 + 38 - (1 + 2).
-4
Evaluate -6 - (3 - (-1 - 3) - 18).
5
Calculate 19 - 17 - (6 - (2 + 0)).
-2
2 + (-2 - 3) + 18 + -23
-8
4 + (-5 + 3 - 0)
2
(2 - (-2 - (3 - 7))) + -3
-3
Evaluate 8 - (2 + -3) - 17.
-8
What is the value of (-5 - -6) + (4 - (-2 + 4))?
3
Calculate 3 - 2 - 2 - (1 - 3).
1
(-1 - (-2 + 6)) + 4
-1
Evaluate 0 - ((10 - 6) + -5).
1
What is the value of -4 + (1 - -5 - (1 - 3))?
4
What is (1 - 1) + (6 - (5 + 4))?
-3
What is (-1 - (7 - 7)) + (-2 - -6)?
3
1 + (-4 + 10 - 0 - 4)
3
What is the value of (1 - 4) + (-10 - -3 - -15)?
5
What is the value of -4 - (-6 - 6 - -2)?
6
What is the value of 2 - (-1 + -2 + 6 + 4)?
-5
34 - 15 - (9 + 2)
8
What is the value of -5 + 2 + (-14 - -14) + 5?
2
(1 - (-1 + 4 - 5)) + -3
0
Evaluate 0 + -3 + -2 + 7.
2
What is 2 + (5 - 4) - (-2 + 10)?
-5
(-2 - 2) + -5 + 8
-1
What is the value of (19 - 13) + 0 + -3 + 1?
4
What is 8 + -8 + (-4 - -2 - -1)?
-1
Evaluate -14 + (8 - 5) - (-2 - 3).
-6
What is the value of 3 + 1 - (11 + -9)?
2
What is the value of 0 + -4 + 1 - (0 + -1)?
-2
Calculate (1 + 0 - -7 - 3) + -7.
-2
(15 - 8) + -1 + -4
2
What is 3 + 0 - (0 - 0 - -3)?
0
What is the value of (-3 - (1 + 0)) + -1?
-5
Calculate -225 + 216 - (-4 + 0).
-5
-1 + 0 - (11 + -7 - 8)
3
Calculate 6 + 7 + (8 - 8) - 6.
7
Calculate -2 - 1 - (-2 - (-2 - 2)).
-5
-7 + 0 + (-5 - -10)
-2
9 - (-7 - -11 - (-1 - -1))
5
Evaluate 1 + 0 + -7 + 6.
0
What is 8 - 8 - (-4 + 1 + -2)?
5
Calculate -1 - (-1 + -5 + 5).
0
-2 - (-3 + (8 - 6 - -4))
-5
What is (6 - -6) + -9 - (0 + 0)?
3
What is the value of 2 + -7 - (-4 - -2 - 0)?
-3
(2 - -5) + 30 + -32
5
What is 0 + (-3 - (1 + -3)) - 0?
-1
Evaluate 3 + 7 - 2 - 2.
6
Evaluate (1 - 4 - -2) + 6.
5
What is the value of 12 + 3 + -5 + -1?
9
Calculate 4 + -13 + 0 + 12.
3
Calculate -13 - (5 + (-4 - 6)).
-8
Calculate (24 - 14) + 3 - 6.
7
What is the value of -54 + 46 + 0 + 2 - -9?
3
What is 1 - (9 - (2 - -1))?
-5
What is 10 + (1 - 3) + 31 + -31?
8
Evaluate (1 - 2) + 6 + -3 + -4.
-2
(2 - (-7 - -2)) + -7
0
(-10 - -3) + (-3 + 2 - -6)
-2
Evaluate -1 + 7 - ((3 - -9) + -9).
3
(-5 + -3 - -1) + 4 + 8
5
What is the value of 0 + 0 + (-7 - (3 + -2))?
-8
9 + 0 + 5 + 1 - 7
8
Evaluate 2 + 1 - 6 - -4.
1
Evaluate 0 + 4 - (9 - 0 - 6).
1
6 - (4 + -3 + 6)
-1
Calculate 1 - ((-7 - -6) + 1).
1
Calculate -1 + 3 + (-2 - (-4 + 1)).
3
6 + -13 + 4 + (1 - 1)
-3
What is (11 - 7 - 0) + -2 + 0?
2
6 - (7 + -4 - 2)
5
What is -5 + 6 - (0 + -4 - -2)?
3
-23 + 19 + (0 + -2 - -10)
4
What is the value of (-1 - 3) + (-7 + -7 - -19)?
1
Evaluate -2 + -10 - (-42 - -36).
-6
Evaluate -2 + -7 + -1 - -5.
-5
What is the value of -5 - -11 - (-3 - (1 + -3))?
7
Evaluate 5 + (2 + (-1 - 6) - -2).
2
Evaluate -11 + (9 - 1) + -5.
-8
What is 5 + -7 + 5 + -7 + -3?
-7
Calculate (-1 - (-4 - (0 + 0))) + -3.
0
-4 + (3 - 5 - -11)
5
What is -7 - (-4 - (4 - (2 + 2)))?
-3
Evaluate 16 - 24 - (-3 + 0 - 8).
3
What is the value of -7 + (5 + -1 - -2)?
-1
Evaluate 4 + 2 + (3 - 4).
5
Calculate 3 + -3 + 1 + (-2 - -3).
2
What is 1 + 1 - (4 + -7)?
5
What is -1 + (5 - (9 - 1))?
-4
Calculate (-2 - -1) + (57 - 65).
-9
Calculate -4 + -1 - -1 - (1 - 5).
0
What is 3 + -10 + (6 - 5)?
-6
What is the value of (7 - -5) + 0 + -22?
-10
-1 + 12 + 1 + -7
5
What is (8 - (-3 - -7)) + (6 - 4)?
6
What is the value of (1 - 1) + -44 + 39?
-5
Evaluate -66 + 55 - (-6 + 0).
-5
-8 + (1 - -3) + 3 + -7
-8
Evaluate 9 + -4 + (1 - 8).
-2
Calculate -3 + 1 - (-2 + (-1 - -2)).
-1
What is -61 + 62 - (0 + 2 + 0)?
-1
What is the value of -1 + -1 - (-3 - -5)?
-4
Calculate -10 + 20 + 7 + -21.
-4
Evaluate (-1 - -3 - -1 - 2) + 0.
1
1 - (-23 - -11) - 22
-9
2 - (-1 - -1 - 3)
5
Evaluate 0 + -4 - ((-4 - -1) + 4).
-5
What is the value of 11 + -1 + (-119 - -108)?
-1
-3 - (-1 - (1 - -2))
1
What is (4 - 8) + (-6 + 17 - 5)?
2
What is the value of -28 - -40 - (-2 - -5)?
9
Evaluate -9 - ((-1 - 12) + 0).
4
What is the value of 3 - (5 - 0 - (3 + -2))?
-1
What is -3 + 1 + 4 - -2?
4
What is the value of (0 - 3) + (6 - (3 + 2))?
-2
What is (0 - -3) + -5 + 4 + 2?
4
What is the value of 0 + 0 + (16 - 15)?
1
What is (-6 - 0) + (-1 + -12 - -11)?
-8
-4 + 0 + 2 - (2 + -7)
3
Calculate 7 - (-1 - -2) - (-14 + 19).
1
What is -4 + 0 + -2 - (1 - 4)?
-3
What is -12 + (3 - -1) - (-4 - 0)?
-4
Calculate -17 + 16 - (10 - (-1 - -6)).
-6
What is (-1 - (-5 + 2)) + (-2 - -2)?
2
Calculate -7 + (4 - 2) - (-95 + 92).
-2
1 + (-1 - -1) + -1
0
Evaluate -11 - -17 - (3 + 6).
-3
What is the value of -4 + (-4 - -8 - 0) + -5?
-5
What is 5 + -2 + 2 - (-16 + 24)?
-3
Calculate 2 - (3 + (-4 - 0)).
3
What is the value of -2 + 9 + 3 + (-3 - 6)?
1
-4 - -2 - (0 - 10)
8
24 - 11 - (9 + 1)
3
-5 + (0 - -2) + 6
3
2 + 1 + (-9 - -7) + 0
1
Calculate 1 - 3 - (5 + 18 + -15).
-10
Calculate 5 + -1 - (25 - 16).
-5
Calculate -5 + 10 + -10 + 1.
-4
Calculate -2 + 2 + (5 - 5).
0
10 + (-5 - 0) + -5 + 4
4
Evaluate -1 - -11 - (-25 - -36).
-1
What is the value of (-15 - (-22 + -13)) + -15?
5
What is the value of 5 + -4 + (-3 - 0 - -1)?
-1
What is the value of (7 + -17 - -4) + 2?
-4
Calculate (9 - 1) + 86 + -90.
4
Calculate 4 - 1 - (1 + (-7 - -4)).
5
Calculate (-3 - (6 + -6)) + 7 + 0.
4
Calculate 0 - ((13 - 11) + 5).
-7
Calculate 1 - ((-7 - -8) + -5).
5
Evaluate 12 + (0 - 3) + (-2 - 2).
5
Calculate 26 + -26 + (-5 - -1).
-4
Evaluate -2 + 2 + 1 + -5 + -1.
-5
Calculate 1 - (-9 + (0 - -6) + 0).
4
-6 + (-7 - (-23 - -10))
0
Evaluate